
Let a(n) = -3*n**2 - 3*n + 6. Let d = -33 + 22. Let z(h) = -16*h**2 - 16*h + 30. Let t(c) = d*a(c) + 2*z(c). Determine t(0).
-6
Let z(r) = r**2 - 9*r - 7. Let b(f) = -8*f + 209. Let h be b(25). Give z(h).
-7
Suppose 3*r - 4*r = -192. Let t = 1 - -7. Let q be t/(-44) - r/33. Let c(w) = -w**3 - 7*w**2 - 6*w + 2. Give c(q).
2
Suppose 0 = 5*j + m - 4*m - 39, -j + 3 = -3*m. Let s = j + -7. Let g(h) = 1 + 0*h**3 + 4*h**s - 7 + h**3 - 6*h. What is g(-5)?
-1
Let t(o) = o**2 - 12*o - 8. Let k(y) = -6*y**2 + 63*y + 39. Let l(z) = 2*k(z) + 11*t(z). Calculate l(-7).
-17
Let n(t) = -t + 3. Let q = -2 - -12. Let j = q - 5. Let o(g) = g + 2. Let i be o(j). What is n(i)?
-4
Let q(j) = 11*j + 32. Let y(b) be the second derivative of -2*b**3/3 - 11*b**2/2 + 6*b. Let a(v) = -3*q(v) - 8*y(v). Let o(t) = -3*t. Let g be o(2). Give a(g).
-2
Suppose -4*r + 4*k - 24 = 0, -2*r - 73*k = -77*k + 14. Let u(p) = -10*p - 50. What is u(r)?
0
Let k(d) = 2 + 13*d - 7*d - 4*d. Let q = 116 - 122. Calculate k(q).
-10
Let p(h) = -h**2 + 4*h + 3. Suppose 0 = k + 4 + 3. Let u = 7 + k. Suppose u*l - l = -6. What is p(l)?
-9
Let n(p) = 3*p - 8. Let c(x) = 5*x - 5. Let k(y) = 2*c(y) - 5*n(y). Calculate k(6).
0
Let n(t) = t - 5. Let z be n(8). Let j(i) = -z*i**2 + 0*i**2 + i**2 + 2 - 3*i + i**2. Let c = -13 - -9. Determine j(c).
-2
Let i(o) = -o + 6. Let w be i(5). Let u(l) = l + 3 + 0 + w - 5. Calculate u(3).
2
Let s(f) = -f**2 + 9*f + 8. Let i be 6/16 - 38/16. Let t be 6/(26/10 + i). What is s(t)?
-2
Let c(n) = 12*n**3 + 5*n**2 - 4*n + 7. Let h(g) = 5*g**3 + 3*g**2 - 2*g + 3. Let o(t) = -3*c(t) + 7*h(t). Give o(4).
24
Let h(p) = p**2 + p - 7. Suppose -2*j = -3*j + 3*j. Determine h(j).
-7
Let u(x) = -9*x - 250. Let h be u(-27). Let r(c) = -5*c**2 + 2*c**3 - 3*c**2 - 3*c**3 + 4 - 4*c. Determine r(h).
-17
Let h(y) = -106*y + 107*y + 4 - 16. Give h(10).
-2
Let h(i) = -i**2 - 3*i - 9 - 4*i + i**2 + i**2. Let c(w) = -4*w**2 + 42*w - 13. Let r be c(10). Give h(r).
-9
Let t(k) = -4*k**3 + k**2 - k. Suppose 0 = 2*g - q - 4, 2*g + 2*g + 4*q + 4 = 0. Give t(g).
-4
Let x(t) = 3*t**2 + 3*t - 1. Suppose 25*q - 9 = -109. Determine x(q).
35
Let v(f) = -2*f**3 + 13*f**2 + 7*f + 11. Let p(j) = 5*j**3 - 37*j**2 - 22*j - 33. Let o(c) = 3*p(c) + 8*v(c). What is o(-6)?
13
Suppose -3*h - 2 = -g - 1, g - 1 = -2*h. Let z(w) = -2*w**2 + 4*w**2 + g - 4*w**2 - 2*w**2 + w. Let k = 8 + -9. Calculate z(k).
-4
Let x(c) = 3*c - 1. Let b(l) = -3*l + 2. Let t(w) = 3*b(w) + 2*x(w). Calculate t(7).
-17
Let p = -73 - -53. Let i be p/8*(-24)/(-15). Let j(x) = 2*x - 1 - 1 + 3 + x**2. Calculate j(i).
9
Suppose -y + 4*y + 15 = 0, 4*d - 11 = 3*y. Let l(c) be the first derivative of c**4/4 - c - 16. What is l(d)?
-2
Let s(c) = c - 24. Let h be s(15). Let l(m) = -m - 7. Calculate l(h).
2
Let f(r) = -3*r**2 - 6*r - 4. Let z(i) = -17*i**2 - 32*i - 19. Let p(j) = -11*f(j) + 2*z(j). What is p(4)?
-2
Suppose j - 5*z = 23 - 34, 0 = -2*j - 4*z + 34. Let k(o) = o - 13. Calculate k(j).
-4
Let k = 0 + -2. Let j(h) = -2*h**3 - h**2 - 1. Let v(f) = 3*f**3 + 2*f**2 + 1. Let i(y) = 4*j(y) + 3*v(y). Calculate i(k).
-1
Suppose o = -4*v + 29, 0*v - 30 = -2*o - v. Let t = o - 15. Let f(h) = 11*h**2 + 3 + h - 12*h**2 - 2. What is f(t)?
-5
Let s(n) = -n**2 + 9*n - 2. Let t(c) = 13*c**2 - 38*c + 5. Let o be t(3). Give s(o).
6
Let g(n) = 2*n**2 - 3*n + 3. Let k = 361 + -356. Give g(k).
38
Let t(h) be the second derivative of h**3/2 + 6*h**2 - 10*h. Suppose -6*w = 91 - 37. Give t(w).
-15
Let j be (-4)/(-6) - 112/(-21). Suppose 0 = -j*u + 3*u - 3*a, 3*u = -2*a + 1. Let g(p) = -4 - u + 4*p - 3. What is g(6)?
16
Let m be (-42)/35*1/((-4)/10). Let n(x) be the third derivative of -x**6/120 + x**5/30 + x**4/8 + 2*x**2. Give n(m).
0
Let v be (-3 - 10)/(-1 + (-14)/(-12)). Let u = v + 76. Let t(f) = -f**3 - f**2 - 2*f - 2. What is t(u)?
6
Suppose 41 = 95*q - 90*q - 4*o, -12 = 3*o. Let t(x) be the second derivative of -x**3/6 + x**2/2 - 2*x. Calculate t(q).
-4
Let b(a) = -12*a - 38. Let f(c) = -c - 4. Let d(s) = -2*b(s) + 22*f(s). Determine d(9).
6
Let m(y) = -y**3 - 4*y**2 - 5*y - 5. Suppose -20*l + 16*l + 8 = 0. Suppose 4*n + 3*z = -22, l*z = 4*n + 7*z + 26. Determine m(n).
15
Let b(h) = 2*h**2 - 25 + 14*h - h + 0*h - h. Let j(u) = -u**2 - 6*u + 12. Let d(m) = 2*b(m) + 5*j(m). Calculate d(-7).
3
Let a(n) be the third derivative of -n**5/60 + 5*n**3/3 + 24*n**2. Let w = -4 + 5. Let j be (-1 + 0 + w)/1. What is a(j)?
10
Let y(h) = h + 18. Let a be ((-20)/(-3) + 0)*-3. Let k be y(a). Let q(w) = 3*w - 4. Let g(u) = -5*u + 7. Let r(t) = -4*g(t) - 7*q(t). Calculate r(k).
2
Let u(d) = -13*d + 1. Let x(a) = -4*a + 1. Let c(j) = u(j) - 2*x(j). Let t be ((-4)/6)/((-1)/(-3)). Determine c(t).
9
Suppose 23*k + 24*k = -470. Let f(s) = s**2 + 10*s - 2. Calculate f(k).
-2
Let s(x) be the first derivative of x**3/3 + 4*x**2 + 12*x + 623. Determine s(-5).
-3
Let o(g) = -3*g**2 + 5*g + 10. Let u(l) = -l**2 + 2*l + 1. Let p(q) = o(q) - 4*u(q). Calculate p(2).
4
Let v(h) = 13*h + 13 - 21*h + 13*h. Let y(z) = 2*z + 6. Let u(d) = 3*v(d) - 7*y(d). Calculate u(9).
6
Let q(p) be the third derivative of p**6/120 - 3*p**5/20 - p**3/6 + 5*p**2 + 53. Determine q(9).
-1
Let i(k) be the first derivative of -k**3/3 + 7*k**2/2 + k - 135. Give i(7).
1
Let a(l) = -l**3 - 2*l**2 + 3*l. Let k = 15 - 39. Let h = k + 42. Let r = h - 16. Calculate a(r).
-10
Let i(c) = -c**3 - 6*c**2 - 7*c - 4. Let x be (2/(-6))/((-2)/(-6)). Let y be ((-3)/(-6) + x)*-6. Suppose -10*z = -y*z + 28. Determine i(z).
-8
Let i(g) = g**3 + 4*g**2 - 9*g - 3. Let k(a) = -3*a**3 - 11*a**2 + 25*a + 9. Let j(l) = -17*i(l) - 6*k(l). Calculate j(3).
15
Let r(u) be the second derivative of 8*u + 1/6*u**3 + 0 + 0*u**2. Determine r(2).
2
Suppose -6 = 3*s, 5*s = 3*p - 0*p - 28. Let c be (1 - (-14)/6)*p/(-4). Let o(y) = y**3 + 6*y**2 + 6*y - 2. Calculate o(c).
-7
Let q(j) = 5*j**2 + 5*j + 8. Let z(t) = -14*t**2 - 16*t - 22. Let c(l) = -11*q(l) - 4*z(l). Give c(-10).
10
Let w(c) = c**3 + 5*c**2 - 2*c - 7. Let j(o) = 4*o**2 - 6*o + 1. Let g(s) = s**2 - s. Let n(p) = -6*g(p) + j(p). Let f be n(2). Let v = -12 - f. Determine w(v).
3
Let m = -14 - -21. Let y be 7/(-2) - m/14. Let u(l) = -l**2 - 2*l + 1. Calculate u(y).
-7
Let d = -10 + 22. Let u(x) = -2*x - 11. Let k be u(-11). Let w = k - d. Let i(m) = 11*m. Determine i(w).
-11
Let y = 76 - 71. Let s(h) be the first derivative of -2*h + h**3 + 1/2*h**2 + y. Calculate s(-2).
8
Let u(a) = -a**2 + 7. Suppose 6*g = -51 + 21. Calculate u(g).
-18
Let j(d) = -d**2 + 5. Let b(v) = -v**2 + 12*v - 8. Let z be b(11). Suppose -2*a - z*a = 0. Suppose 4*m - 6*m = a. Give j(m).
5
Let m(g) = -g**2 + 4*g + 25. Let u be m(7). Let v(o) be the third derivative of -6*o**2 - 1/30*o**5 + 0 + 0*o + o**3 - 7/24*o**u + 1/120*o**6. Calculate v(4).
10
Let a(q) = -3*q - 10*q**3 + 5*q**2 + 5*q + 9*q**3. Calculate a(4).
24
Let k(q) = 3*q - 3. Let w(o) = o + 1. Let z(b) = -8*b - 5. Let p(x) = -3*w(x) - z(x). Let i be p(0). Give k(i).
3
Let v(b) = -2*b**2 + 24*b + 3. Suppose -3*t + 24 = -t. Let z be v(t). Let g(u) = u**3 - 4*u**2 + 3*u + 3. Determine g(z).
3
Let u(t) be the first derivative of -t**3/3 - t - 29. What is u(-2)?
-5
Let d(r) be the second derivative of r**5/20 + 5*r**4/12 + r**3/6 + r. Suppose -5*f - 4 = -f. Let n be (1 - f/(-2))*-10. Determine d(n).
-5
Let f(l) be the second derivative of -l**3/3 - 2*l. Let m(h) = -h**3 - 5*h**2 + 15*h + 12. Let d be m(-7). Give f(d).
-10
Let v(r) = r - 14. Suppose 0 = 37*p + 15*p - 832. Determine v(p).
2
Let b(k) = k**3 - 3*k**2 + k - 1. Let g(y) = -13*y - 15. Let a be g(-6). Suppose -2*l + a = -3*l. Let j be 20/9 + 14/l. Give b(j).
-3
Let q be (-11)/(-330)*3*10/6. Let v(f) be the second derivative of 0 + 9*f + 0*f**2 - q*f**3. What is v(-6)?
6
Let o(q) be the first derivative of -3*q**2 - 19*q + 252. What is o(-4)?
5
Let s(q) = -q - 7. Let c(j) = -12*j - 63. Let p(l) = -c(l) + 5*s(l). Calculate p(-5).
-7
Let n(v) = 4*v - 89 - 89 + 182 - v**2. Determine n(7).
-17
Let q(i) = 19 - 347*i + 697*i - 355*i. What is q(4)?
-1
Let k(i) = 19*i**2 + 28*i - 27. Let w(g) = -12*g**2 - 19*g + 18. Let l(s) = 5*k(s) + 8*w(s). Calculate l(-12).
9
Suppose 269*s = 257*s + 24. Let r(j) = -j**3 + 2*j**2 - 1. Determine r(s).
-1
Let p(y) = -y**2 - 25*y - 46. Let i be p(-23). Let z(v) be the 